{"id":2,"date":"2022-04-06T12:01:11","date_gmt":"2022-04-06T12:01:11","guid":{"rendered":"http:\/\/842.zone\/?page_id=2"},"modified":"2022-04-06T18:26:56","modified_gmt":"2022-04-06T18:26:56","slug":"sample-page","status":"publish","type":"page","link":"http:\/\/842.zone\/?page_id=2","title":{"rendered":""},"content":{"rendered":"\n<ol class=\"wp-block-list\"><li><strong>Eine einfache Frage des Rechts:<\/strong><br>Die Funktion und Unabh\u00e4ngigkeit des Bundesgerichtes muss durch geeignete Richter sichergestellt sein<\/li><\/ol>\n\n\n\n<blockquote class=\"wp-block-quote is-layout-flow wp-block-quote-is-layout-flow\"><p>Bricht ein Richter am Bundesgericht die Regelungen \u00fcber seinen eigenen Ausstand (Artikel 34 GG ff.), also die Frage ob er \u00fcberhaupt am Verfahren teilnehmen darf, gibt es rechtliche &amp; politische M\u00f6glichkeiten dem zu begegnen. Wir sind bereit. Ihr auch?<\/p><cite>https:\/\/t.me\/homeschoolingschweiz<br>https:\/\/wirmenschen.ch<br>https:\/\/t.me\/Menschenrechte<\/cite><\/blockquote>\n\n\n\n<p>2. Ist eine Rechtsprechung in der Schweiz \u00fcberhaupt noch m\u00f6glich?<\/p>\n\n\n\n<p>3. In der Konsequenz einer Verneinung bleibt was von &#8222;der Schweiz&#8220; \u00fcbrig?<\/p>\n\n\n\n<blockquote class=\"wp-block-quote is-layout-flow wp-block-quote-is-layout-flow\"><p>Wohin f\u00fchrt das?<\/p><\/blockquote>\n\n\n\n<p>4. Was kommt dann?<\/p>\n","protected":false},"excerpt":{"rendered":"<p>Eine einfache Frage des Rechts:Die Funktion und Unabh\u00e4ngigkeit des Bundesgerichtes muss durch geeignete Richter sichergestellt sein Bricht ein Richter am Bundesgericht die Regelungen \u00fcber seinen eigenen Ausstand (Artikel 34 GG ff.), also die Frage ob er \u00fcberhaupt am Verfahren teilnehmen darf, gibt es rechtliche &amp; politische M\u00f6glichkeiten dem zu begegnen. Wir sind bereit. Ihr auch? [&hellip;]<\/p>\n","protected":false},"author":1,"featured_media":0,"parent":0,"menu_order":0,"comment_status":"closed","ping_status":"open","template":"","meta":{"footnotes":""},"class_list":["post-2","page","type-page","status-publish","hentry"],"_links":{"self":[{"href":"http:\/\/842.zone\/index.php?rest_route=\/wp\/v2\/pages\/2","targetHints":{"allow":["GET"]}}],"collection":[{"href":"http:\/\/842.zone\/index.php?rest_route=\/wp\/v2\/pages"}],"about":[{"href":"http:\/\/842.zone\/index.php?rest_route=\/wp\/v2\/types\/page"}],"author":[{"embeddable":true,"href":"http:\/\/842.zone\/index.php?rest_route=\/wp\/v2\/users\/1"}],"replies":[{"embeddable":true,"href":"http:\/\/842.zone\/index.php?rest_route=%2Fwp%2Fv2%2Fcomments&post=2"}],"version-history":[{"count":5,"href":"http:\/\/842.zone\/index.php?rest_route=\/wp\/v2\/pages\/2\/revisions"}],"predecessor-version":[{"id":18,"href":"http:\/\/842.zone\/index.php?rest_route=\/wp\/v2\/pages\/2\/revisions\/18"}],"wp:attachment":[{"href":"http:\/\/842.zone\/index.php?rest_route=%2Fwp%2Fv2%2Fmedia&parent=2"}],"curies":[{"name":"wp","href":"https:\/\/api.w.org\/{rel}","templated":true}]}}